{"id":9526,"date":"2025-06-03T10:32:47","date_gmt":"2025-06-03T08:32:47","guid":{"rendered":"https:\/\/zs3pabianice.edu.pl\/?page_id=9526"},"modified":"2025-06-03T10:32:47","modified_gmt":"2025-06-03T08:32:47","slug":"podsumowanie-mobilnosci-edukacyjnej-realizowanej-w-ramach-programu-erasmus-wlochy-2025-praktyki","status":"publish","type":"page","link":"https:\/\/zs3pabianice.edu.pl\/index.php\/projekt-2024-1-pl01-ka121-vet-000205064-dla-uczniow-technikum\/podsumowanie-mobilnosci-edukacyjnej-realizowanej-w-ramach-programu-erasmus-wlochy-2025-praktyki\/","title":{"rendered":"Podsumowanie mobilno\u015bci edukacyjnej realizowanej w ramach Programu Erasmus+, W\u0142ochy 2025, praktyki"},"content":{"rendered":"<div>W dniach 11\u201324 maja 2025 roku uczniowie Zespo\u0142u Szk\u00f3\u0142 Nr 3 im. Legionist\u00f3w Miasta Pabianic uczestniczyli w zagranicznych praktykach zawodowych we W\u0142oszech. Wyjazd zosta\u0142 zrealizowany w ramach programu Erasmus+ (projekt nr 2024-1-PL01-KA121-VET-000205064).<\/div>\n<div><\/div>\n<div>W mobilno\u015bci uczestniczyli uczniowie kszta\u0142c\u0105cy si\u0119 w zawodach: technik fotografii i multimedi\u00f3w, technik ekonomista oraz technik hotelarstwa. Pod opiek\u0105 nauczycieli \u2013 Igora Zochniaka, Krzysztofa Urbankiewicza oraz El\u017cbiety Bartoszek \u2013 m\u0142odzie\u017c rozwija\u0142a swoje kompetencje zawodowe, j\u0119zykowe i spo\u0142eczne w mi\u0119dzynarodowym \u015brodowisku pracy.<\/div>\n<div><\/div>\n<div>Program praktyk by\u0142 \u015bci\u015ble dostosowany do kierunk\u00f3w kszta\u0142cenia uczestnik\u00f3w. Przyszli hotelarze doskonalili umiej\u0119tno\u015b\u0107 profesjonalnej obs\u0142ugi go\u015bci w w\u0142oskich obiektach turystycznych, ekonomi\u015bci poznawali realia funkcjonowania lokalnych przedsi\u0119biorstw, natomiast uczniowie kierunku fotograficznego wsp\u00f3\u0142pracowali z w\u0142oskim artyst\u0105 nad projektem fotograficznym zako\u0144czonym wystaw\u0105. Dodatkowo m\u0142odzie\u017c zdobywa\u0142a wiedz\u0119 z zakresu przedsi\u0119biorczo\u015bci oraz technik druku.<\/div>\n<div><\/div>\n<div>Pobyt we W\u0142oszech to jednak nie tylko nauka \u2013 uczestnicy brali r\u00f3wnie\u017c udzia\u0142 w zaj\u0119ciach kulturowych, takich jak warsztaty, degustacje oraz wycieczki do Bolonii, Wenecji, Urbino, San Marino oraz malowniczego zamku Gradara. Jednym z wyj\u0105tkowych moment\u00f3w by\u0142o symboliczne uczestnictwo w g\u0142osowaniu na Prezydenta RP w Bolonii, kt\u00f3re wzbudzi\u0142o du\u017ce zainteresowanie w\u015br\u00f3d m\u0142odzie\u017cy.<\/div>\n<div><\/div>\n<div>Uczniowie wr\u00f3cili z praktyk pe\u0142ni nowych do\u015bwiadcze\u0144, umiej\u0119tno\u015bci i inspiracji do dalszego rozwoju. Udzia\u0142 w projekcie Erasmus+ okaza\u0142 si\u0119 nie tylko doskona\u0142\u0105 okazj\u0105 do zdobycia cennego do\u015bwiadczenia zawodowego, ale r\u00f3wnie\u017c do poznania kultury innego kraju, prze\u0142amania barier j\u0119zykowych i nawi\u0105zania mi\u0119dzynarodowych przyja\u017ani.<\/div>\n<div><\/div>\n<div><a href=\"https:\/\/photos.app.goo.gl\/QcfUh4exGxNoNTXb6\">Zobacz zdj\u0119cia<\/a><\/div>\n<div><\/div>\n","protected":false},"excerpt":{"rendered":"<p>W dniach 11\u201324 maja 2025 roku uczniowie Zespo\u0142u Szk\u00f3\u0142 Nr 3 im. Legionist\u00f3w Miasta Pabianic uczestniczyli w zagranicznych praktykach zawodowych we W\u0142oszech. [&hellip;]<\/p>\n","protected":false},"author":4,"featured_media":0,"parent":9091,"menu_order":0,"comment_status":"closed","ping_status":"closed","template":"","meta":{"footnotes":""},"class_list":["post-9526","page","type-page","status-publish","hentry"],"_links":{"self":[{"href":"https:\/\/zs3pabianice.edu.pl\/index.php\/wp-json\/wp\/v2\/pages\/9526","targetHints":{"allow":["GET"]}}],"collection":[{"href":"https:\/\/zs3pabianice.edu.pl\/index.php\/wp-json\/wp\/v2\/pages"}],"about":[{"href":"https:\/\/zs3pabianice.edu.pl\/index.php\/wp-json\/wp\/v2\/types\/page"}],"author":[{"embeddable":true,"href":"https:\/\/zs3pabianice.edu.pl\/index.php\/wp-json\/wp\/v2\/users\/4"}],"replies":[{"embeddable":true,"href":"https:\/\/zs3pabianice.edu.pl\/index.php\/wp-json\/wp\/v2\/comments?post=9526"}],"version-history":[{"count":1,"href":"https:\/\/zs3pabianice.edu.pl\/index.php\/wp-json\/wp\/v2\/pages\/9526\/revisions"}],"predecessor-version":[{"id":9527,"href":"https:\/\/zs3pabianice.edu.pl\/index.php\/wp-json\/wp\/v2\/pages\/9526\/revisions\/9527"}],"up":[{"embeddable":true,"href":"https:\/\/zs3pabianice.edu.pl\/index.php\/wp-json\/wp\/v2\/pages\/9091"}],"wp:attachment":[{"href":"https:\/\/zs3pabianice.edu.pl\/index.php\/wp-json\/wp\/v2\/media?parent=9526"}],"curies":[{"name":"wp","href":"https:\/\/api.w.org\/{rel}","templated":true}]}}