{"id":5987,"date":"2023-02-06T13:31:51","date_gmt":"2023-02-06T12:31:51","guid":{"rendered":"https:\/\/zs3pabianice.edu.pl\/?page_id=5987"},"modified":"2023-10-15T11:10:58","modified_gmt":"2023-10-15T09:10:58","slug":"2022-1-pl01-ka121-vet-000063182-dla-technikum","status":"publish","type":"page","link":"https:\/\/zs3pabianice.edu.pl\/index.php\/erasmus-2021-2027\/2022-1-pl01-ka121-vet-000063182-dla-technikum\/","title":{"rendered":"Projekt 2022-1-PL01-KA121-VET-000063182 dla Technikum"},"content":{"rendered":"\n<figure class=\"wp-block-image size-large\"><img loading=\"lazy\" decoding=\"async\" width=\"727\" height=\"1024\" src=\"http:\/\/zs3pabianice.edu.pl\/wp\/wp-content\/uploads\/2023\/03\/pabianice_vet_social-727x1024.jpg\" alt=\"\" class=\"wp-image-6503\" srcset=\"https:\/\/zs3pabianice.edu.pl\/wp\/wp-content\/uploads\/2023\/03\/pabianice_vet_social-727x1024.jpg 727w, https:\/\/zs3pabianice.edu.pl\/wp\/wp-content\/uploads\/2023\/03\/pabianice_vet_social-213x300.jpg 213w, https:\/\/zs3pabianice.edu.pl\/wp\/wp-content\/uploads\/2023\/03\/pabianice_vet_social-768x1082.jpg 768w, https:\/\/zs3pabianice.edu.pl\/wp\/wp-content\/uploads\/2023\/03\/pabianice_vet_social-1091x1536.jpg 1091w, https:\/\/zs3pabianice.edu.pl\/wp\/wp-content\/uploads\/2023\/03\/pabianice_vet_social-1454x2048.jpg 1454w, https:\/\/zs3pabianice.edu.pl\/wp\/wp-content\/uploads\/2023\/03\/pabianice_vet_social-920x1296.jpg 920w, https:\/\/zs3pabianice.edu.pl\/wp\/wp-content\/uploads\/2023\/03\/pabianice_vet_social-230x324.jpg 230w, https:\/\/zs3pabianice.edu.pl\/wp\/wp-content\/uploads\/2023\/03\/pabianice_vet_social-350x493.jpg 350w, https:\/\/zs3pabianice.edu.pl\/wp\/wp-content\/uploads\/2023\/03\/pabianice_vet_social-480x676.jpg 480w, https:\/\/zs3pabianice.edu.pl\/wp\/wp-content\/uploads\/2023\/03\/pabianice_vet_social.jpg 1704w\" sizes=\"auto, (max-width: 727px) 100vw, 727px\" \/><\/figure>\n\n\n<blockquote>\n<p><em><strong>Podstawowe informacje o Projekcie<\/strong><\/em><\/p>\n<\/blockquote>\n<p><em><strong>Termin realizacji Projektu: 01.06.20222r. \u2013 31.08.2023r.<\/strong><\/em><\/p>\n<p>Projekt zak\u0142ada mobilno\u015b\u0107 edukacyjn\u0105 dla uczni\u00f3w IV klas Technikum ZS Nr 3 w Pabianicach z profili : Technik logistyk, Technik fotografii i multimedi\u00f3w. <span style=\"color: initial;\">W projekcie we\u017amie udzia\u0142 26 uczni\u00f3w, 2 opiekun\u00f3w oraz 1 nauczyciel przedmiot\u00f3w zawodowych Technik logistyk (obserwacja pracy &#8211; Job shadowing).<\/span><\/p>\n<p>Termin mobilno\u015bci, wraz z dniami na podr\u00f3\u017c: 30.04.2023 r. &#8211; 13.05.2023 r.<\/p>\n<p>Partnerem Projektu jest OLYMPUS EDUCATION SERVICES Single Member P.C., M. Alexandrou 8, 600 65 Nei Pori, Grecja<\/p>\n<p><em><strong>Cele projektu:<\/strong><\/em><\/p>\n<p>-Kompleksowy rozw\u00f3j kompetencji i umiej\u0119tno\u015bci uczni\u00f3w ZS3. Wzrost kwalifikacji zawodowych, j\u0119zykowych i personalno-spo\u0142ecznych poprzez udzia\u0142 w zagranicznych mobilno\u015bciach sektora VET.<\/p>\n<p><a href=\"https:\/\/zs3pabianice.edu.pl\/index.php\/erasmus-2021-2027\/2022-1-pl01-ka121-vet-000063182-dla-technikum\/rekrutacja-vet-2022\/\">Rekrutacja uczestnik\u00f3w do projektu<\/a><\/p>\n<p><a href=\"http:\/\/zs3pabianice.edu.pl\/index.php\/2023\/05\/17\/erasmus-podsumowanie-moblinosci-grecja-2023\/\">Podsumowanie mobilno\u015bci<\/a><\/p>\n<p><a href=\"https:\/\/zs3pabianice.edu.pl\/index.php\/power\/rozdanie-certyfikatow-edycja-2022-2023\/\">Rozdanie certyfikat\u00f3w \u2013 edycja 2022\/2023<\/a><\/p>\n<p>\u00a0<\/p>","protected":false},"excerpt":{"rendered":"<p>Podstawowe informacje o Projekcie Termin realizacji Projektu: 01.06.20222r. \u2013 31.08.2023r. Projekt zak\u0142ada mobilno\u015b\u0107 edukacyjn\u0105 dla uczni\u00f3w IV klas Technikum ZS Nr 3 [&hellip;]<\/p>\n","protected":false},"author":1,"featured_media":0,"parent":4949,"menu_order":0,"comment_status":"closed","ping_status":"closed","template":"","meta":{"footnotes":""},"class_list":["post-5987","page","type-page","status-publish","hentry"],"_links":{"self":[{"href":"https:\/\/zs3pabianice.edu.pl\/index.php\/wp-json\/wp\/v2\/pages\/5987","targetHints":{"allow":["GET"]}}],"collection":[{"href":"https:\/\/zs3pabianice.edu.pl\/index.php\/wp-json\/wp\/v2\/pages"}],"about":[{"href":"https:\/\/zs3pabianice.edu.pl\/index.php\/wp-json\/wp\/v2\/types\/page"}],"author":[{"embeddable":true,"href":"https:\/\/zs3pabianice.edu.pl\/index.php\/wp-json\/wp\/v2\/users\/1"}],"replies":[{"embeddable":true,"href":"https:\/\/zs3pabianice.edu.pl\/index.php\/wp-json\/wp\/v2\/comments?post=5987"}],"version-history":[{"count":14,"href":"https:\/\/zs3pabianice.edu.pl\/index.php\/wp-json\/wp\/v2\/pages\/5987\/revisions"}],"predecessor-version":[{"id":7423,"href":"https:\/\/zs3pabianice.edu.pl\/index.php\/wp-json\/wp\/v2\/pages\/5987\/revisions\/7423"}],"up":[{"embeddable":true,"href":"https:\/\/zs3pabianice.edu.pl\/index.php\/wp-json\/wp\/v2\/pages\/4949"}],"wp:attachment":[{"href":"https:\/\/zs3pabianice.edu.pl\/index.php\/wp-json\/wp\/v2\/media?parent=5987"}],"curies":[{"name":"wp","href":"https:\/\/api.w.org\/{rel}","templated":true}]}}