{"id":1408,"date":"2018-11-15T21:56:40","date_gmt":"2018-11-15T20:56:40","guid":{"rendered":"http:\/\/zs3pabianice.edu.pl\/?page_id=1408"},"modified":"2020-08-11T17:32:55","modified_gmt":"2020-08-11T15:32:55","slug":"projekt-przetargi","status":"publish","type":"page","link":"https:\/\/zs3pabianice.edu.pl\/index.php\/projekt\/projekt-przetargi\/","title":{"rendered":"Projekt przetargi"},"content":{"rendered":"\n<p>\n\nZawiadomienie o wyborze najkorzystniejszej oferty w post\u0119powaniu na Zakup oprogramowania w ramach projektu&nbsp;\u201eSta\u017ce zawodowe drog\u0105 do kariery\u201d:\n\n<\/p>\n\n\n\n<div class=\"wp-block-file\"><a href=\"http:\/\/zs3pabianice.edu.pl\/wp\/wp-content\/uploads\/2019\/01\/CCF_000036.pdf\"><br>w cz\u0119\u015bci nr 1<\/a><a href=\"http:\/\/zs3pabianice.edu.pl\/wp\/wp-content\/uploads\/2019\/01\/CCF_000036.pdf\" class=\"wp-block-file__button\" download>Pobierz<\/a><\/div>\n\n\n\n<div class=\"wp-block-file\"><a href=\"http:\/\/zs3pabianice.edu.pl\/wp\/wp-content\/uploads\/2019\/01\/CCF_000035.pdf\">w cz\u0119\u015bci nr 2<\/a><a href=\"http:\/\/zs3pabianice.edu.pl\/wp\/wp-content\/uploads\/2019\/01\/CCF_000035.pdf\" class=\"wp-block-file__button\" download>Pobierz<\/a><\/div>\n\n\n<div>Zakup i dostawa sprz\u0119tu komputerowego, multimedialnego oraz oprogramowania w ramach projektu \u201eSta\u017ce zawodowe drog\u0105 do kariery\u201d\u00a0 &#8211; Og\u0142oszenie o udzieleniu zam\u00f3wienia &#8211; <a href=\"http:\/\/zs3pabianice.edu.pl\/wp\/wp-content\/uploads\/2019\/01\/Og\u0142oszenie-o-udzieleniu-zam\u00f3wienia-komputery.pdf\">Pobierz plik<\/a><\/div>\n<div>\u00a0<\/div>\n<div>Dotyczy zapytania ofertowego na zakup oprogramowania &#8211; <a href=\"http:\/\/zs3pabianice.edu.pl\/wp\/wp-content\/uploads\/2018\/12\/Scan.pdf\">Pobierz plik<\/a><\/div>\n<div dir=\"ltr\">\n<div>\n<div>\u00a0<\/div>\n<div>Zawiadomienie o wyborze najkorzystniejszej oferty &#8211; <a href=\"http:\/\/zs3pabianice.edu.pl\/wp\/wp-content\/uploads\/2018\/12\/BRN3C2AF4219736_000801.pdf\">Pobierz plik<\/a><\/div>\n<div>Zawiadomienie o uniewa\u017cnieniu post\u0119powania &#8211; <a href=\"http:\/\/zs3pabianice.edu.pl\/wp\/wp-content\/uploads\/2018\/12\/BRN3C2AF4219736_000800.pdf\">Pobierz plik<\/a><\/div>\n<\/div>\n<div>\u00a0<\/div>\n<div><a href=\"http:\/\/zs3pabianice.edu.pl\/wp\/wp-content\/uploads\/2018\/12\/Informacja-z-otwarcia-ofert.pdf\">Informacja z otwarcia ofert<\/a><\/div>\n<div>\u00a0<\/div>\n<div>Zmiana specyfikacji istotnych warunk\u00f3w zam\u00f3wienia na Zakup i dostaw\u0119 sprz\u0119tu komputerowego, multimedialnego oraz oprogramowania w ramach projektu \u201eSta\u017ce zawodowe drog\u0105 do kariery\u201d UWAGA nowy za\u0142\u0105cznik do OFERTY &#8211; 29.11.2018 &#8211; <a href=\"http:\/\/zs3pabianice.edu.pl\/wp\/wp-content\/uploads\/2018\/11\/Zmiana-tre\u015bci-SIWZ-28.11.2018.doc\">Pobierz plik<\/a><\/div>\n<\/div>\n<p>Zmiana specyfikacji istotnych warunk\u00f3w zam\u00f3wienia na Zakup i dostaw\u0119 sprz\u0119tu komputerowego, multimedialnego oraz oprogramowania w ramach projektu \u201eSta\u017ce zawodowe drog\u0105 do kariery\u201d UWAGA nowe za\u0142\u0105czniki do OFERTY &#8211; 26.11.2018 &#8211; <a href=\"http:\/\/zs3pabianice.edu.pl\/wp\/wp-content\/uploads\/2018\/11\/Zmiana-tre\u015bci-SIWZ-26.11.2018.doc\">Pobierz plik<\/a><\/p>\n<p>Zmiana tre\u015bci og\u0142oszenia nr 2 &#8211; 26.11.2018 &#8211; <a href=\"http:\/\/zs3pabianice.edu.pl\/wp\/wp-content\/uploads\/2018\/11\/Og\u0142oszenie-o-zmianie-og\u0142oszenia-nr-2.pdf\">Pobierz plik<\/a><\/p>\n<p>Zapytania i wyja\u015bnienia 2 &#8211; 26.11.2018 &#8211;\u00a0<a href=\"http:\/\/zs3pabianice.edu.pl\/wp\/wp-content\/uploads\/2018\/11\/Pytania-i-odpowiedz-2-26.11.2018.pdf\">Pobierz plik<\/a><\/p>\n<p>\u00a0<\/p>\n<p>Zmiana specyfikacji istotnych warunk\u00f3w zam\u00f3wienia na Zakup i dostaw\u0119 sprz\u0119tu komputerowego, multimedialnego oraz oprogramowania w ramach projektu \u201eSta\u017ce zawodowe drog\u0105 do kariery\u201d UWAGA nowe za\u0142\u0105czniki do OFERTY &#8211; 23.11.2018 &#8211;<a href=\"http:\/\/zs3pabianice.edu.pl\/wp\/wp-content\/uploads\/2018\/11\/Zmiana-tre\u015bci-SIWZ-22.11.2018.doc\">Pobierz plik<\/a><\/p>\n<p><a href=\"https:\/\/bzp.uzp.gov.pl\/ZP406\/Preview\/e36a20fb-31fe-4c56-a509-695bb4919273\">Zmiana tre\u015bci og\u0142oszenia<\/a> &#8211; 23.11.2018 &#8211; <a href=\"http:\/\/zs3pabianice.edu.pl\/wp\/wp-content\/uploads\/2018\/11\/Og\u0142oszenie-o-zmianie-og\u0142oszenia.pdf\">Pobierz pdf<\/a><\/p>\n<p>Zapytania i wyja\u015bnienia &#8211; 23.11.2018 &#8211; <a href=\"http:\/\/zs3pabianice.edu.pl\/wp\/wp-content\/uploads\/2018\/11\/Pytania-i-odpowiedz-22.11.2018.doc\">Pobierz plik<\/a><\/p>\n<p>\u00a0<\/p>\n<p><strong>\u00a0SPECYFIKACJA ISTOTNYCH WARUNK\u00d3W ZAM\u00d3WIENIA NA <\/strong><strong>ZAKUP I DOSTAW\u0118 SPRZ\u0118TU KOMPUTEROWEGO, MULTIMEDIALNEGO ORAZ OPROGRAMOWANIA W RAMACH PROJEKTU \u201eSTA\u017bE ZAWODOWE DROG\u0104 DO KARIERY\u201d 19.11.2018 &#8211; <a href=\"http:\/\/zs3pabianice.edu.pl\/wp\/wp-content\/uploads\/2018\/11\/SIWZ-komputery-18.11.2018.pdf\">pobierz plik pdf,<\/a> <a href=\"http:\/\/zs3pabianice.edu.pl\/wp\/wp-content\/uploads\/2018\/11\/SIWZ-komputery-18.11.2018.doc\">doc<\/a><br \/><\/strong><\/p>\n<p>Og\u0142oszenie o zam\u00f3wieniu <strong>ZAKUP I DOSTAW\u0118 SPRZ\u0118TU KOMPUTEROWEGO, MULTIMEDIALNEGO ORAZ OPROGRAMOWANIA W RAMACH PROJEKTU \u201eSTA\u017bE ZAWODOWE DROG\u0104 DO KARIERY\u201d 19.11.2018 &#8211; <a href=\"http:\/\/zs3pabianice.edu.pl\/wp\/wp-content\/uploads\/2018\/11\/Og\u0142oszenie-komputery.pdf\">pobierz plik<\/a><\/strong><\/p>\n<p>Zapytanie ofertowe na szkolenia w projekcie\u00a0 &#8222;Sta\u017ce zawodowe drog\u0105 do kariery&#8221; &#8211; <a href=\"http:\/\/zs3pabianice.edu.pl\/wp\/wp-content\/uploads\/2018\/11\/zapytanie_ofertowe.pdf\">pobierz plik<\/a><\/p>\n<p><a href=\"http:\/\/zs3pabianice.edu.pl\/wp\/wp-content\/uploads\/2018\/11\/Uniewa\u017cnienie.pdf\">Uniewa\u017cnienie cz\u0119\u015b\u0107 1,2,3,6,7,8,9<\/a><\/p>\n<p><a href=\"http:\/\/zs3pabianice.edu.pl\/wp\/wp-content\/uploads\/2018\/11\/wyb\u00f3r-wykonawca-cz-4-WWW.pdf\">Wyb\u00f3r cz\u0119\u015b\u0107 4<\/a><\/p>\n<p><a href=\"http:\/\/zs3pabianice.edu.pl\/wp\/wp-content\/uploads\/2018\/11\/wyb\u00f3r-wykonawca-cz-5-WWW.pdf\">Wyb\u00f3r cz\u0119\u015b\u0107 5<\/a><\/p>\n<p>\u00a0<\/p>\n\n\n<div class=\"wp-block-file\"><a href=\"http:\/\/zs3pabianice.edu.pl\/wp\/wp-content\/uploads\/2020\/07\/Informacja-o-zamieszczeniu-og\u0142oszenia-14.07.2020.doc\">Informacja o zamieszczeniu og\u0142oszenia 14.07.2020<\/a><a href=\"http:\/\/zs3pabianice.edu.pl\/wp\/wp-content\/uploads\/2020\/07\/Informacja-o-zamieszczeniu-og\u0142oszenia-14.07.2020.doc\" class=\"wp-block-file__button\" download>Pobierz<\/a><\/div>\n\n\n\n<div class=\"wp-block-file\"><a href=\"http:\/\/zs3pabianice.edu.pl\/wp\/wp-content\/uploads\/2020\/07\/Baza-konkurencyjno\u015bci-14.07.2020.pdf\">Baza konkurencyjno\u015bci 14.07.2020<\/a><a href=\"http:\/\/zs3pabianice.edu.pl\/wp\/wp-content\/uploads\/2020\/07\/Baza-konkurencyjno\u015bci-14.07.2020.pdf\" class=\"wp-block-file__button\" download>Pobierz<\/a><\/div>\n\n\n\n<div class=\"wp-block-file\"><a href=\"http:\/\/zs3pabianice.edu.pl\/wp\/wp-content\/uploads\/2020\/08\/CCF_000505.pdf\">Zawiadomienie o wyborze najkorzystniejszej oferty cz. 6<\/a><a href=\"http:\/\/zs3pabianice.edu.pl\/wp\/wp-content\/uploads\/2020\/08\/CCF_000505.pdf\" class=\"wp-block-file__button\" download>Pobierz<\/a><\/div>\n\n\n\n<div class=\"wp-block-file\"><a href=\"http:\/\/zs3pabianice.edu.pl\/wp\/wp-content\/uploads\/2020\/08\/CCF_000506.pdf\"> Zawiadomienie o wyborze najkorzystniejszej oferty cz. 5<\/a><a href=\"http:\/\/zs3pabianice.edu.pl\/wp\/wp-content\/uploads\/2020\/08\/CCF_000506.pdf\" class=\"wp-block-file__button\" download>Pobierz<\/a><\/div>\n\n\n\n<div class=\"wp-block-file\"><a href=\"http:\/\/zs3pabianice.edu.pl\/wp\/wp-content\/uploads\/2020\/08\/CCF_000507.pdf\"> Zawiadomienie o wyborze najkorzystniejszej oferty cz. 4<\/a><a href=\"http:\/\/zs3pabianice.edu.pl\/wp\/wp-content\/uploads\/2020\/08\/CCF_000507.pdf\" class=\"wp-block-file__button\" download>Pobierz<\/a><\/div>\n\n\n\n<div class=\"wp-block-file\"><a href=\"http:\/\/zs3pabianice.edu.pl\/wp\/wp-content\/uploads\/2020\/08\/CCF_000508.pdf\"> Zawiadomienie o wyborze najkorzystniejszej oferty cz. 3<\/a><a href=\"http:\/\/zs3pabianice.edu.pl\/wp\/wp-content\/uploads\/2020\/08\/CCF_000508.pdf\" class=\"wp-block-file__button\" download>Pobierz<\/a><\/div>\n\n\n\n<div class=\"wp-block-file\"><a href=\"http:\/\/zs3pabianice.edu.pl\/wp\/wp-content\/uploads\/2020\/08\/CCF_000504.pdf\">Zawiadomienie o wyborze najkorzystniejszej oferty cz. 2<\/a><a href=\"http:\/\/zs3pabianice.edu.pl\/wp\/wp-content\/uploads\/2020\/08\/CCF_000504.pdf\" class=\"wp-block-file__button\" download>Pobierz<\/a><\/div>\n\n\n\n<div class=\"wp-block-file\"><a href=\"http:\/\/zs3pabianice.edu.pl\/wp\/wp-content\/uploads\/2020\/08\/CCF_000509.pdf\"> Zawiadomienie o wyborze najkorzystniejszej oferty cz. 1<\/a><a href=\"http:\/\/zs3pabianice.edu.pl\/wp\/wp-content\/uploads\/2020\/08\/CCF_000509.pdf\" class=\"wp-block-file__button\" download>Pobierz<\/a><\/div>\n\n\n\n<figure class=\"wp-block-gallery columns-0 is-cropped wp-block-gallery-1 is-layout-flex wp-block-gallery-is-layout-flex\"><ul class=\"blocks-gallery-grid\"><\/ul><\/figure>\n","protected":false},"excerpt":{"rendered":"<p>Zawiadomienie o wyborze najkorzystniejszej oferty w post\u0119powaniu na Zakup oprogramowania w ramach projektu&nbsp;\u201eSta\u017ce zawodowe drog\u0105 do kariery\u201d: Zakup i dostawa sprz\u0119tu komputerowego, [&hellip;]<\/p>\n","protected":false},"author":1,"featured_media":0,"parent":981,"menu_order":0,"comment_status":"closed","ping_status":"closed","template":"","meta":{"footnotes":""},"class_list":["post-1408","page","type-page","status-publish","hentry"],"_links":{"self":[{"href":"https:\/\/zs3pabianice.edu.pl\/index.php\/wp-json\/wp\/v2\/pages\/1408","targetHints":{"allow":["GET"]}}],"collection":[{"href":"https:\/\/zs3pabianice.edu.pl\/index.php\/wp-json\/wp\/v2\/pages"}],"about":[{"href":"https:\/\/zs3pabianice.edu.pl\/index.php\/wp-json\/wp\/v2\/types\/page"}],"author":[{"embeddable":true,"href":"https:\/\/zs3pabianice.edu.pl\/index.php\/wp-json\/wp\/v2\/users\/1"}],"replies":[{"embeddable":true,"href":"https:\/\/zs3pabianice.edu.pl\/index.php\/wp-json\/wp\/v2\/comments?post=1408"}],"version-history":[{"count":24,"href":"https:\/\/zs3pabianice.edu.pl\/index.php\/wp-json\/wp\/v2\/pages\/1408\/revisions"}],"predecessor-version":[{"id":3702,"href":"https:\/\/zs3pabianice.edu.pl\/index.php\/wp-json\/wp\/v2\/pages\/1408\/revisions\/3702"}],"up":[{"embeddable":true,"href":"https:\/\/zs3pabianice.edu.pl\/index.php\/wp-json\/wp\/v2\/pages\/981"}],"wp:attachment":[{"href":"https:\/\/zs3pabianice.edu.pl\/index.php\/wp-json\/wp\/v2\/media?parent=1408"}],"curies":[{"name":"wp","href":"https:\/\/api.w.org\/{rel}","templated":true}]}}